{"id":32,"date":"2021-09-08T08:04:53","date_gmt":"2021-09-08T08:04:53","guid":{"rendered":"http:\/\/gimnazija.skolabd.edu.ba\/?page_id=32"},"modified":"2026-02-03T08:48:27","modified_gmt":"2026-02-03T07:48:27","slug":"istorijat","status":"publish","type":"page","link":"https:\/\/gimnazija.skolabd.edu.ba\/index.php\/istorijat\/","title":{"rendered":"Istorijat"},"content":{"rendered":"\n<\/p>\n<p class=\"has-normal-font-size\">Prvi korijeni dana\u0161nje Gimnazije se\u017eu u daleku 1885. godinu kada je u Br\u010dkom osnovana Trgova\u010dka \u0161kola. Prve tri godine je radila u privatnoj zgradi, a potom je preseljena u zgradu gdje se danas nalazi IV Osnovna \u0161kola. Do 1918. godine \u0161koluju se samo mu\u0161ka djeca, a 1919\/20. po\u010dinje \u0161kolovanje u Ni\u017eoj Gimnaziji. U jednom periodu (od 1929. do 1939.) radi Gra\u0111anska \u0161kola koja se ponovo transform\u0161\u0435 u Ni\u017eu Gimnaziju. Od 1952. godine \u0161kola prerasta u &#8220;prvu gimnaziju&#8221;. Prvi maturanti zavr\u0161ili su od 15. do 19. juna 1955. godine. U svoju zgradu Gimnazija prelazi 1965. godine.<\/p>\n\n\n\n<p class=\"has-normal-font-size\">Od \u0161kolske 1980\/81. nije radila kao Gimnazija ve\u0107 kao \u0160kola za srednje usmjereno obrazovanje i vaspitanje &#8220;Vaso Pelagi\u0107&#8221;. \u0160kolovala je u\u010deniku zdravstvenoj, jezi\u010dno-prevodila\u010dkoj, matemati\u010dko &#8211; fizi\u010dko &#8211; ra\u010dunarskoj, poljoprivrednoj i veterinarskoj struci. Pred rat \u0161k. 1991\/92. godine upisani su u\u010denici u prvi razred gimnazije u zgradi gdje je smje\u0161ten OHR.<\/p>\n\n\n\n<p class=\"has-normal-font-size\">U toku rata radila je u okviru Ekonomske \u0160kole u Br\u010dkom i kao JU Gimnazija u Gornjem Rahi\u0107u da bi se 1998\/99. godine izdvojila iz Ekonomske \u0160kole, a \u0161kolske 2001\/01. obje gimnazije su integrirane u Javnu Ustanovu Gimnazija &#8220;Vaso Pelagi\u0107&#8221; Br\u010dko distrikt Bosne i Hercegovine.<\/p>\n\n\n\n<p class=\"has-normal-font-size\"> \u0160kolske 2002\/03. \u0161kola radi u dvije zgrade. Prvi i drugi razredi prelaze u adaptiranu zgradu u biv\u0161oj kasarni sada poznata kao Nova zgrada Gimnazije, a tre\u0107i i \u010detvrti su u staroj zgradi Gimnazije. JU Gimnazija &#8220;Vaso Pelagi\u0107&#8221; Br\u010dko distrikt BiH danas ima 389 u\u010denika u 24 odjeljenja Gimnazije op\u0107eg\/op\u0161teg,  jezi\u010dko\/jezi\u010dno-dru\u0161tvenog i ra\u010dunarsko\/ra\u010dunalno-informati\u010dkog smjera.<\/p>\n\n\n\n<p class=\"has-normal-font-size\">\u0160kolske 2003\/04. \u0161kola radi samo u novoj zgradi.<\/p>\n\n\n\n<figure class=\"wp-block-gallery has-nested-images columns-default is-cropped wp-block-gallery-1 is-layout-flex wp-block-gallery-is-layout-flex\">\n\n<\/p>\n<figure class=\"wp-block-image size-large\"><img decoding=\"async\" data-id=\"123\" src=\"https:\/\/gimnazija.skolabd.edu.ba\/wp-content\/uploads\/2021\/09\/1-1.jpg\" alt=\"\" class=\"wp-image-123\"\/><\/figure>\n\n\n<figure class=\"wp-block-image size-large\"><img decoding=\"async\" data-id=\"124\" src=\"https:\/\/gimnazija.skolabd.edu.ba\/wp-content\/uploads\/2021\/09\/2.jpg\" alt=\"\" class=\"wp-image-124\"\/><\/figure>\n\n\n<figure class=\"wp-block-image size-large\"><img decoding=\"async\" data-id=\"72\" src=\"https:\/\/gimnazija.skolabd.edu.ba\/wp-content\/uploads\/2021\/09\/1.jpg\" alt=\"\" class=\"wp-image-72\"\/><\/figure>\n<p>\n\n<\/figure>\n<p>\n\n\n<p>[\/vc_column_text][\/vc_column][\/vc_row][vc_row][vc_column][vc_gmaps link=&#8221;#E-8_JTNDaWZyYW1lJTIwc3JjJTNEJTIyaHR0cHMlM0ElMkYlMkZ3d3cuZ29vZ2xlLmNvbSUyRm1hcHMlMkZlbWJlZCUzRnBiJTNEJTIxMW0xOCUyMTFtMTIlMjExbTMlMjExZDI4MjcuNTE4NTYxNjUwMTA4NSUyMTJkMTguODEwNTMwNjc2NzI0NDY1JTIxM2Q0NC44NzIwOTQ5NzEwNzA1MSUyMTJtMyUyMTFmMCUyMTJmMCUyMTNmMCUyMTNtMiUyMTFpMTAyNCUyMTJpNzY4JTIxNGYxMy4xJTIxM20zJTIxMW0yJTIxMXMweDQ3NWMwYzA2YjQxZDk5NmQlMjUzQTB4NDA0YWU0OWI5OWJmY2ZkZSUyMTJzVHJnJTI1MjBwcmF2ZGUlMjUyMDMlMjUyQyUyNTIwQnIlMjVDNCUyNThEa28lMjUyMDc2MTAwJTIxNWUwJTIxM20yJTIxMXNlbiUyMTJzYmElMjE0djE3NDA0NjczMzg4OTAlMjE1bTIlMjExc2VuJTIxMnNiYSUyMiUyMHdpZHRoJTNEJTIyNjAwJTIyJTIwaGVpZ2h0JTNEJTIyNDUwJTIyJTIwc3R5bGUlM0QlMjJib3JkZXIlM0EwJTNCJTIyJTIwYWxsb3dmdWxsc2NyZWVuJTNEJTIyJTIyJTIwbG9hZGluZyUzRCUyMmxhenklMjIlMjByZWZlcnJlcnBvbGljeSUzRCUyMm5vLXJlZmVycmVyLXdoZW4tZG93bmdyYWRlJTIyJTNFJTNDJTJGaWZyYW1lJTNF&#8221;][\/vc_column][\/vc_row]<\/p>","protected":false},"excerpt":{"rendered":"<p>Prvi korijeni dana\u0161nje Gimnazije se\u017eu u daleku 1885. godinu kada je u Br\u010dkom osnovana Trgova\u010dka \u0161kola. Prve tri godine je radila u privatnoj zgradi, a potom je preseljena u zgradu gdje se danas nalazi IV Osnovna \u0161kola. Do 1918. godine \u0161koluju se samo mu\u0161ka djeca, a 1919\/20. po\u010dinje \u0161kolovanje u Ni\u017eoj Gimnaziji. U jednom periodu [&hellip;]<\/p>\n","protected":false},"author":1,"featured_media":0,"parent":0,"menu_order":0,"comment_status":"closed","ping_status":"closed","template":"","meta":{"_regular_price":[],"currency_symbol":[],"footnotes":""},"class_list":["post-32","page","type-page","status-publish","hentry"],"post_slider_layout_featured_media_urls":{"thumbnail":"","post_slider_layout_landscape_large":"","post_slider_layout_portrait_large":"","post_slider_layout_square_large":"","post_slider_layout_landscape":"","post_slider_layout_portrait":"","post_slider_layout_square":"","full":""},"yoast_head":"<!-- This site is optimized with the Yoast SEO plugin v27.3 - https:\/\/yoast.com\/product\/yoast-seo-wordpress\/ -->\n<title>Istorijat -<\/title>\n<meta name=\"robots\" content=\"index, follow, max-snippet:-1, max-image-preview:large, max-video-preview:-1\" \/>\n<link rel=\"canonical\" href=\"https:\/\/gimnazija.skolabd.edu.ba\/index.php\/istorijat\/\" \/>\n<meta property=\"og:locale\" content=\"bs_BA\" \/>\n<meta property=\"og:type\" content=\"article\" \/>\n<meta property=\"og:title\" content=\"Istorijat -\" \/>\n<meta property=\"og:description\" content=\"Prvi korijeni dana\u0161nje Gimnazije se\u017eu u daleku 1885. godinu kada je u Br\u010dkom osnovana Trgova\u010dka \u0161kola. Prve tri godine je radila u privatnoj zgradi, a potom je preseljena u zgradu gdje se danas nalazi IV Osnovna \u0161kola. Do 1918. godine \u0161koluju se samo mu\u0161ka djeca, a 1919\/20. po\u010dinje \u0161kolovanje u Ni\u017eoj Gimnaziji. U jednom periodu [&hellip;]\" \/>\n<meta property=\"og:url\" content=\"https:\/\/gimnazija.skolabd.edu.ba\/index.php\/istorijat\/\" \/>\n<meta property=\"article:modified_time\" content=\"2026-02-03T07:48:27+00:00\" \/>\n<meta property=\"og:image\" content=\"http:\/\/gimnazija.skolabd.edu.ba\/wp-content\/uploads\/2021\/09\/1-1.jpg\" \/>\n<meta name=\"twitter:card\" content=\"summary_large_image\" \/>\n<meta name=\"twitter:label1\" content=\"Est. reading time\" \/>\n\t<meta name=\"twitter:data1\" content=\"2 minute\" \/>\n<script type=\"application\/ld+json\" class=\"yoast-schema-graph\">{\"@context\":\"https:\\\/\\\/schema.org\",\"@graph\":[{\"@type\":\"WebPage\",\"@id\":\"https:\\\/\\\/gimnazija.skolabd.edu.ba\\\/index.php\\\/istorijat\\\/\",\"url\":\"https:\\\/\\\/gimnazija.skolabd.edu.ba\\\/index.php\\\/istorijat\\\/\",\"name\":\"Istorijat -\",\"isPartOf\":{\"@id\":\"https:\\\/\\\/gimnazija.skolabd.edu.ba\\\/#website\"},\"primaryImageOfPage\":{\"@id\":\"https:\\\/\\\/gimnazija.skolabd.edu.ba\\\/index.php\\\/istorijat\\\/#primaryimage\"},\"image\":{\"@id\":\"https:\\\/\\\/gimnazija.skolabd.edu.ba\\\/index.php\\\/istorijat\\\/#primaryimage\"},\"thumbnailUrl\":\"http:\\\/\\\/gimnazija.skolabd.edu.ba\\\/wp-content\\\/uploads\\\/2021\\\/09\\\/1-1.jpg\",\"datePublished\":\"2021-09-08T08:04:53+00:00\",\"dateModified\":\"2026-02-03T07:48:27+00:00\",\"breadcrumb\":{\"@id\":\"https:\\\/\\\/gimnazija.skolabd.edu.ba\\\/index.php\\\/istorijat\\\/#breadcrumb\"},\"inLanguage\":\"bs-BA\",\"potentialAction\":[{\"@type\":\"ReadAction\",\"target\":[\"https:\\\/\\\/gimnazija.skolabd.edu.ba\\\/index.php\\\/istorijat\\\/\"]}]},{\"@type\":\"ImageObject\",\"inLanguage\":\"bs-BA\",\"@id\":\"https:\\\/\\\/gimnazija.skolabd.edu.ba\\\/index.php\\\/istorijat\\\/#primaryimage\",\"url\":\"http:\\\/\\\/gimnazija.skolabd.edu.ba\\\/wp-content\\\/uploads\\\/2021\\\/09\\\/1-1.jpg\",\"contentUrl\":\"http:\\\/\\\/gimnazija.skolabd.edu.ba\\\/wp-content\\\/uploads\\\/2021\\\/09\\\/1-1.jpg\"},{\"@type\":\"BreadcrumbList\",\"@id\":\"https:\\\/\\\/gimnazija.skolabd.edu.ba\\\/index.php\\\/istorijat\\\/#breadcrumb\",\"itemListElement\":[{\"@type\":\"ListItem\",\"position\":1,\"name\":\"Home\",\"item\":\"https:\\\/\\\/gimnazija.skolabd.edu.ba\\\/\"},{\"@type\":\"ListItem\",\"position\":2,\"name\":\"Istorijat\"}]},{\"@type\":\"WebSite\",\"@id\":\"https:\\\/\\\/gimnazija.skolabd.edu.ba\\\/#website\",\"url\":\"https:\\\/\\\/gimnazija.skolabd.edu.ba\\\/\",\"name\":\"JU GIMNAZIJA \\\"VASO PELAGI\u0106\\\" BR\u010cKO\",\"description\":\"\",\"publisher\":{\"@id\":\"https:\\\/\\\/gimnazija.skolabd.edu.ba\\\/#organization\"},\"potentialAction\":[{\"@type\":\"SearchAction\",\"target\":{\"@type\":\"EntryPoint\",\"urlTemplate\":\"https:\\\/\\\/gimnazija.skolabd.edu.ba\\\/?s={search_term_string}\"},\"query-input\":{\"@type\":\"PropertyValueSpecification\",\"valueRequired\":true,\"valueName\":\"search_term_string\"}}],\"inLanguage\":\"bs-BA\"},{\"@type\":\"Organization\",\"@id\":\"https:\\\/\\\/gimnazija.skolabd.edu.ba\\\/#organization\",\"name\":\"JU GIMNAZIJA \\\"VASO PELAGI\u0106\\\" BR\u010cKO\",\"url\":\"https:\\\/\\\/gimnazija.skolabd.edu.ba\\\/\",\"logo\":{\"@type\":\"ImageObject\",\"inLanguage\":\"bs-BA\",\"@id\":\"https:\\\/\\\/gimnazija.skolabd.edu.ba\\\/#\\\/schema\\\/logo\\\/image\\\/\",\"url\":\"https:\\\/\\\/gimnazija.skolabd.edu.ba\\\/wp-content\\\/uploads\\\/2023\\\/01\\\/cropped-logo-740x740-1.png\",\"contentUrl\":\"https:\\\/\\\/gimnazija.skolabd.edu.ba\\\/wp-content\\\/uploads\\\/2023\\\/01\\\/cropped-logo-740x740-1.png\",\"width\":240,\"height\":240,\"caption\":\"JU GIMNAZIJA \\\"VASO PELAGI\u0106\\\" BR\u010cKO\"},\"image\":{\"@id\":\"https:\\\/\\\/gimnazija.skolabd.edu.ba\\\/#\\\/schema\\\/logo\\\/image\\\/\"}}]}<\/script>\n<!-- \/ Yoast SEO plugin. -->","yoast_head_json":{"title":"Istorijat -","robots":{"index":"index","follow":"follow","max-snippet":"max-snippet:-1","max-image-preview":"max-image-preview:large","max-video-preview":"max-video-preview:-1"},"canonical":"https:\/\/gimnazija.skolabd.edu.ba\/index.php\/istorijat\/","og_locale":"bs_BA","og_type":"article","og_title":"Istorijat -","og_description":"Prvi korijeni dana\u0161nje Gimnazije se\u017eu u daleku 1885. godinu kada je u Br\u010dkom osnovana Trgova\u010dka \u0161kola. Prve tri godine je radila u privatnoj zgradi, a potom je preseljena u zgradu gdje se danas nalazi IV Osnovna \u0161kola. Do 1918. godine \u0161koluju se samo mu\u0161ka djeca, a 1919\/20. po\u010dinje \u0161kolovanje u Ni\u017eoj Gimnaziji. U jednom periodu [&hellip;]","og_url":"https:\/\/gimnazija.skolabd.edu.ba\/index.php\/istorijat\/","article_modified_time":"2026-02-03T07:48:27+00:00","og_image":[{"url":"http:\/\/gimnazija.skolabd.edu.ba\/wp-content\/uploads\/2021\/09\/1-1.jpg","type":"","width":"","height":""}],"twitter_card":"summary_large_image","twitter_misc":{"Est. reading time":"2 minute"},"schema":{"@context":"https:\/\/schema.org","@graph":[{"@type":"WebPage","@id":"https:\/\/gimnazija.skolabd.edu.ba\/index.php\/istorijat\/","url":"https:\/\/gimnazija.skolabd.edu.ba\/index.php\/istorijat\/","name":"Istorijat -","isPartOf":{"@id":"https:\/\/gimnazija.skolabd.edu.ba\/#website"},"primaryImageOfPage":{"@id":"https:\/\/gimnazija.skolabd.edu.ba\/index.php\/istorijat\/#primaryimage"},"image":{"@id":"https:\/\/gimnazija.skolabd.edu.ba\/index.php\/istorijat\/#primaryimage"},"thumbnailUrl":"http:\/\/gimnazija.skolabd.edu.ba\/wp-content\/uploads\/2021\/09\/1-1.jpg","datePublished":"2021-09-08T08:04:53+00:00","dateModified":"2026-02-03T07:48:27+00:00","breadcrumb":{"@id":"https:\/\/gimnazija.skolabd.edu.ba\/index.php\/istorijat\/#breadcrumb"},"inLanguage":"bs-BA","potentialAction":[{"@type":"ReadAction","target":["https:\/\/gimnazija.skolabd.edu.ba\/index.php\/istorijat\/"]}]},{"@type":"ImageObject","inLanguage":"bs-BA","@id":"https:\/\/gimnazija.skolabd.edu.ba\/index.php\/istorijat\/#primaryimage","url":"http:\/\/gimnazija.skolabd.edu.ba\/wp-content\/uploads\/2021\/09\/1-1.jpg","contentUrl":"http:\/\/gimnazija.skolabd.edu.ba\/wp-content\/uploads\/2021\/09\/1-1.jpg"},{"@type":"BreadcrumbList","@id":"https:\/\/gimnazija.skolabd.edu.ba\/index.php\/istorijat\/#breadcrumb","itemListElement":[{"@type":"ListItem","position":1,"name":"Home","item":"https:\/\/gimnazija.skolabd.edu.ba\/"},{"@type":"ListItem","position":2,"name":"Istorijat"}]},{"@type":"WebSite","@id":"https:\/\/gimnazija.skolabd.edu.ba\/#website","url":"https:\/\/gimnazija.skolabd.edu.ba\/","name":"JU GIMNAZIJA \"VASO PELAGI\u0106\" BR\u010cKO","description":"","publisher":{"@id":"https:\/\/gimnazija.skolabd.edu.ba\/#organization"},"potentialAction":[{"@type":"SearchAction","target":{"@type":"EntryPoint","urlTemplate":"https:\/\/gimnazija.skolabd.edu.ba\/?s={search_term_string}"},"query-input":{"@type":"PropertyValueSpecification","valueRequired":true,"valueName":"search_term_string"}}],"inLanguage":"bs-BA"},{"@type":"Organization","@id":"https:\/\/gimnazija.skolabd.edu.ba\/#organization","name":"JU GIMNAZIJA \"VASO PELAGI\u0106\" BR\u010cKO","url":"https:\/\/gimnazija.skolabd.edu.ba\/","logo":{"@type":"ImageObject","inLanguage":"bs-BA","@id":"https:\/\/gimnazija.skolabd.edu.ba\/#\/schema\/logo\/image\/","url":"https:\/\/gimnazija.skolabd.edu.ba\/wp-content\/uploads\/2023\/01\/cropped-logo-740x740-1.png","contentUrl":"https:\/\/gimnazija.skolabd.edu.ba\/wp-content\/uploads\/2023\/01\/cropped-logo-740x740-1.png","width":240,"height":240,"caption":"JU GIMNAZIJA \"VASO PELAGI\u0106\" BR\u010cKO"},"image":{"@id":"https:\/\/gimnazija.skolabd.edu.ba\/#\/schema\/logo\/image\/"}}]}},"_links":{"self":[{"href":"https:\/\/gimnazija.skolabd.edu.ba\/index.php\/wp-json\/wp\/v2\/pages\/32","targetHints":{"allow":["GET"]}}],"collection":[{"href":"https:\/\/gimnazija.skolabd.edu.ba\/index.php\/wp-json\/wp\/v2\/pages"}],"about":[{"href":"https:\/\/gimnazija.skolabd.edu.ba\/index.php\/wp-json\/wp\/v2\/types\/page"}],"author":[{"embeddable":true,"href":"https:\/\/gimnazija.skolabd.edu.ba\/index.php\/wp-json\/wp\/v2\/users\/1"}],"replies":[{"embeddable":true,"href":"https:\/\/gimnazija.skolabd.edu.ba\/index.php\/wp-json\/wp\/v2\/comments?post=32"}],"version-history":[{"count":7,"href":"https:\/\/gimnazija.skolabd.edu.ba\/index.php\/wp-json\/wp\/v2\/pages\/32\/revisions"}],"predecessor-version":[{"id":2888,"href":"https:\/\/gimnazija.skolabd.edu.ba\/index.php\/wp-json\/wp\/v2\/pages\/32\/revisions\/2888"}],"wp:attachment":[{"href":"https:\/\/gimnazija.skolabd.edu.ba\/index.php\/wp-json\/wp\/v2\/media?parent=32"}],"curies":[{"name":"wp","href":"https:\/\/api.w.org\/{rel}","templated":true}]}}